{"id":1585,"date":"2021-05-06T18:12:37","date_gmt":"2021-05-06T16:12:37","guid":{"rendered":"https:\/\/tabledesulli.fr\/?post_type=product&#038;p=1585"},"modified":"2021-05-06T18:16:08","modified_gmt":"2021-05-06T16:16:08","slug":"cheque-cadeau-35e","status":"publish","type":"product","link":"https:\/\/tabledesulli.fr\/index.php\/produit\/cheque-cadeau-35e\/","title":{"rendered":"Ch\u00e8que cadeau 35\u20ac"},"content":{"rendered":"<p>En manque d&rsquo;inspiration pour vos cadeaux ?<br \/>\nOffrez un ch\u00e8que cadeau La table de Sulli !<br \/>\nUtilisable pour toutes les prestations, Cours de cuisine, Traiteur et Chef \u00e0 domicile !<\/p>\n<p><strong>Envoy\u00e9 par la poste sous 4jours<\/strong><\/p>\n<p>Mail: <a href=\"mailto:contact@tabledesulli.fr\">contact@tabledesulli.fr<\/a><\/p>\n<p>T\u00e9l\u00e9phone: 06 64 54 19 72<\/p>\n<p>Site: <a href=\"http:\/\/www.tabledesulli.fr\">www.tabledesulli.fr<\/a><\/p>\n","protected":false},"excerpt":{"rendered":"<p><span style=\"font-size: 24pt;\">Ch\u00e8que Cadeau<\/span><\/p>\n<p>D&rsquo;une valeur de 35.00\u20ac<\/p>\n<p>Valable sur toute les offres de <a href=\"https:\/\/tabledesulli.fr\/index.php\/nos-prestations\/\">La table de Sulli<\/a> (Validit\u00e9 d&rsquo;un an \u00e0 partir de la date de commande)<\/p>\n<p>Envie d\u2019offrir un cadeau personnalis\u00e9 ? Je suis \u00e0 votre \u00e9coute pour vous aider \u00e0 pr\u00e9parer vos repas et vous apprendre les bases de notre cuisine.<\/p>\n<p>N\u2019h\u00e9sitez pas \u00e0 en faire profiter vos proches en leur offrant cette carte cadeau valable pendant une ann\u00e9e<\/p>\n<p>S\u2019adaptant \u00e0 tous les budgets, elle peut \u00eatre utilis\u00e9e pour l\u2019achat de produits traiteurs(sur commande), de cours de cuisine, ou de chef a domiciles.<\/p>\n<p><strong>Envoy\u00e9 par la poste sous 4jours<\/strong><\/p>\n<p>Mail: <a href=\"mailto:contact@tabledesulli.fr\">contact@tabledesulli.fr<\/a><\/p>\n<p>T\u00e9l\u00e9phone: 06 64 54 19 72<\/p>\n<p>Site: <a href=\"http:\/\/www.tabledesulli.fr\">www.tabledesulli.fr<\/a><\/p>\n","protected":false},"featured_media":1366,"template":"","meta":[],"product_brand":[],"product_cat":[92],"product_tag":[],"class_list":{"0":"post-1585","1":"product","2":"type-product","3":"status-publish","4":"has-post-thumbnail","6":"product_cat-cours-collectif","7":"wcpa_has_options","9":"first","10":"instock","11":"shipping-taxable","12":"purchasable","13":"product-type-simple"},"_links":{"self":[{"href":"https:\/\/tabledesulli.fr\/index.php\/wp-json\/wp\/v2\/product\/1585","targetHints":{"allow":["GET"]}}],"collection":[{"href":"https:\/\/tabledesulli.fr\/index.php\/wp-json\/wp\/v2\/product"}],"about":[{"href":"https:\/\/tabledesulli.fr\/index.php\/wp-json\/wp\/v2\/types\/product"}],"wp:featuredmedia":[{"embeddable":true,"href":"https:\/\/tabledesulli.fr\/index.php\/wp-json\/wp\/v2\/media\/1366"}],"wp:attachment":[{"href":"https:\/\/tabledesulli.fr\/index.php\/wp-json\/wp\/v2\/media?parent=1585"}],"wp:term":[{"taxonomy":"product_brand","embeddable":true,"href":"https:\/\/tabledesulli.fr\/index.php\/wp-json\/wp\/v2\/product_brand?post=1585"},{"taxonomy":"product_cat","embeddable":true,"href":"https:\/\/tabledesulli.fr\/index.php\/wp-json\/wp\/v2\/product_cat?post=1585"},{"taxonomy":"product_tag","embeddable":true,"href":"https:\/\/tabledesulli.fr\/index.php\/wp-json\/wp\/v2\/product_tag?post=1585"}],"curies":[{"name":"wp","href":"https:\/\/api.w.org\/{rel}","templated":true}]}}