{"id":57,"date":"2019-11-07T18:19:59","date_gmt":"2019-11-07T17:19:59","guid":{"rendered":"http:\/\/tabledesulli.fr\/?page_id=57"},"modified":"2022-11-30T20:46:59","modified_gmt":"2022-11-30T19:46:59","slug":"contact","status":"publish","type":"page","link":"https:\/\/tabledesulli.fr\/index.php\/contact\/","title":{"rendered":"Contact"},"content":{"rendered":"\n<h2 class=\"wp-block-heading\"><strong>Contact<\/strong><\/h2>\n\n\n\n<div style=\"height:20px\" aria-hidden=\"true\" class=\"wp-block-spacer\"><\/div>\n\n\n\n<p class=\"has-medium-font-size\"><\/p>\n\n\n\n<p class=\"has-medium-font-size\"><strong>Num\u00e9ro de t\u00e9l\u00e9phone:<\/strong> 07 64 54 19 72 <\/p>\n\n\n\n<p class=\"has-medium-font-size\"><strong>Mail:<\/strong> <a href=\"mailto:contact@tabledesulli.fr\">contact@tabledesulli.fr<\/a><\/p>\n\n\n\n<p class=\"has-medium-font-size\"><strong>Page facebook:<\/strong> <a href=\"https:\/\/facebook.com\/tabledesulli\/\">https:\/\/facebook.com\/tabledesulli\/<\/a><\/p>\n\n\n\n<p class=\"has-medium-font-size\"><strong>Page instagram:<\/strong> <a href=\"https:\/\/www.instagram.com\/latabledesulli\/\">https:\/\/www.instagram.com\/latabledesulli\/<\/a><\/p>\n\n\n\n<div style=\"height:36px\" aria-hidden=\"true\" class=\"wp-block-spacer\"><\/div>\n\n\n\n<p class=\"has-medium-font-size\"><strong>Ou<\/strong><\/p>\n\n\n\n<div style=\"height:34px\" aria-hidden=\"true\" class=\"wp-block-spacer\"><\/div>\n\n\n\n<p class=\"has-medium-font-size\"><strong>Formulaire de contact<\/strong><\/p>\n\n\n\n<div class=\"forminator-guttenberg\"><div class=\"forminator-ui forminator-custom-form forminator-custom-form-68 forminator-design--flat  forminator_ajax\" data-forminator-render=\"0\" data-form=\"forminator-module-68\" data-uid=\"69da3ea048a8a\"><br\/><\/div><form\n\t\t\t\tid=\"forminator-module-68\"\n\t\t\t\tclass=\"forminator-ui forminator-custom-form forminator-custom-form-68 forminator-design--flat  forminator_ajax\"\n\t\t\t\tmethod=\"post\"\n\t\t\t\tdata-forminator-render=\"0\"\n\t\t\t\tdata-form-id=\"68\"\n\t\t\t\t data-color-option=\"default\" data-design=\"flat\" data-grid=\"open\" style=\"display: none;\"\n\t\t\t\tdata-uid=\"69da3ea048a8a\"\n\t\t\t><div role=\"alert\" aria-live=\"polite\" class=\"forminator-response-message forminator-error\" aria-hidden=\"true\"><\/div><div class=\"forminator-row\"><div id=\"name-2\" class=\"forminator-field-name forminator-col forminator-col-6 \"><div class=\"forminator-field\"><label for=\"forminator-field-name-2_69da3ea048a8a\" id=\"forminator-field-name-2_69da3ea048a8a-label\" class=\"forminator-label\">Nom <span class=\"forminator-required\">*<\/span><\/label><input type=\"text\" name=\"name-2\" value=\"\" placeholder=\"Riviere\" id=\"forminator-field-name-2_69da3ea048a8a\" class=\"forminator-input forminator-name--field\" aria-required=\"true\" autocomplete=\"name\" \/><\/div><\/div><div id=\"name-1\" class=\"forminator-field-name forminator-col forminator-col-6 \"><div class=\"forminator-field\"><label for=\"forminator-field-name-1_69da3ea048a8a\" id=\"forminator-field-name-1_69da3ea048a8a-label\" class=\"forminator-label\">Pr\u00e9nom <span class=\"forminator-required\">*<\/span><\/label><input type=\"text\" name=\"name-1\" value=\"\" placeholder=\"Sylvain\" id=\"forminator-field-name-1_69da3ea048a8a\" class=\"forminator-input forminator-name--field\" aria-required=\"true\" autocomplete=\"name\" \/><\/div><\/div><\/div><div class=\"forminator-row\"><div id=\"phone-1\" class=\"forminator-field-phone forminator-col forminator-col-12 \"><div class=\"forminator-field\"><label for=\"forminator-field-phone-1_69da3ea048a8a\" id=\"forminator-field-phone-1_69da3ea048a8a-label\" class=\"forminator-label\">Num\u00e9ro de t\u00e9l\u00e9phone <span class=\"forminator-required\">*<\/span><\/label><input type=\"text\" name=\"phone-1\" value=\"\" placeholder=\"+33 6 00 00 00 00\" id=\"forminator-field-phone-1_69da3ea048a8a\" class=\"forminator-input forminator-field--phone\" data-required=\"1\" aria-required=\"true\" autocomplete=\"off\" data-validation=\"1\" \/><\/div><\/div><\/div><div class=\"forminator-row\"><div id=\"email-1\" class=\"forminator-field-email forminator-col forminator-col-12 \"><div class=\"forminator-field\"><label for=\"forminator-field-email-1_69da3ea048a8a\" id=\"forminator-field-email-1_69da3ea048a8a-label\" class=\"forminator-label\">Adresse email <span class=\"forminator-required\">*<\/span><\/label><input type=\"email\" name=\"email-1\" value=\"\" placeholder=\"Sylvain.riviere@gmail.com\" id=\"forminator-field-email-1_69da3ea048a8a\" class=\"forminator-input forminator-email--field\" data-required=\"true\" aria-required=\"true\" autocomplete=\"email\" \/><\/div><\/div><\/div><div class=\"forminator-row\"><div id=\"select-1\" class=\"forminator-field-select forminator-col forminator-col-12 \"><div class=\"forminator-field\"><label for=\"forminator-form-68__field--select-1_69da3ea048a8a\" id=\"forminator-form-68__field--select-1_69da3ea048a8a-label\" class=\"forminator-label\">Objet <span class=\"forminator-required\">*<\/span><\/label><select  id=\"forminator-form-68__field--select-1_69da3ea048a8a\" class=\"forminator-select--field forminator-select2 forminator-select2-multiple\" data-required=\"1\" name=\"select-1\" data-default-value=\"\" data-placeholder=\"Merci de choisir une option\" data-search=\"false\" data-search-placeholder=\"Merci de choisir une option\" data-checkbox=\"false\" data-allow-clear=\"false\" aria-labelledby=\"forminator-form-68__field--select-1_69da3ea048a8a-label\"><option value=\"\"  >Merci de choisir une option<\/option><option value=\"RESERVATION Autour des choux\"  data-calculation=\"0\">RESERVATION Autour des choux<\/option><option value=\"RESERVATION Cuisine asiatique\"  data-calculation=\"0\">RESERVATION Cuisine asiatique<\/option><option value=\"RESERVATION Le foies gras\"  data-calculation=\"0\">RESERVATION Le foies gras<\/option><option value=\"RESERVATION Entr\u00e9e + Plat\"  data-calculation=\"0\">RESERVATION Entr\u00e9e + Plat<\/option><option value=\"Reservation Entr\u00e9e + Plat + Dessert\"  data-calculation=\"0\">Reservation Entr\u00e9e + Plat + Dessert<\/option><option value=\"DEVIS PERSONNALISE\"  data-calculation=\"0\">DEVIS PERSONNALISE<\/option><option value=\"AUTRE QUESTION\"  data-calculation=\"0\">AUTRE QUESTION<\/option><\/select><\/div><\/div><\/div><div class=\"forminator-row\"><div id=\"address-1\" class=\"forminator-field-address forminator-col forminator-col-12 \"><div class=\"forminator-row\"><div id=\"address-1-street_address\" class=\"forminator-col\"><div class=\"forminator-field\"><label for=\"forminator-field-address-1-street_address_69da3ea048a8a\" id=\"forminator-field-address-1-street_address_69da3ea048a8a-label\" class=\"forminator-label\">Adresse <span class=\"forminator-required\">*<\/span><\/label><input type=\"text\" name=\"address-1-street_address\" placeholder=\"Preciser &quot;La table de Sulli&quot; Si vous souhaitez le faire \u00e0 mon domicile (secteur Douzy) adresse communiqu\u00e9e au moment.\" id=\"forminator-field-address-1-street_address_69da3ea048a8a\" class=\"forminator-input\" data-required=\"1\" aria-required=\"true\" autocomplete=\"address-line1\" value=\"\" \/><\/div><\/div><\/div><\/div><\/div><div class=\"forminator-row\"><div id=\"textarea-1\" class=\"forminator-field-textarea forminator-col forminator-col-12 \"><div class=\"forminator-field\"><label for=\"forminator-field-textarea-1_69da3ea048a8a\" id=\"forminator-field-textarea-1_69da3ea048a8a-label\" class=\"forminator-label\">Message<\/label><textarea name=\"textarea-1\" placeholder=\"Entrez votre message...\" id=\"forminator-field-textarea-1_69da3ea048a8a\" class=\"forminator-textarea\" rows=\"6\" style=\"min-height:140px;\" maxlength=\"500\" ><\/textarea><span id=\"forminator-field-textarea-1_69da3ea048a8a-description\" class=\"forminator-description\"><span data-limit=\"500\" data-type=\"characters\" data-editor=\"\">0 \/ 500<\/span><\/span><\/div><\/div><\/div><div class=\"forminator-row\"><div id=\"captcha-1\" class=\"forminator-field-captcha forminator-col forminator-col-12 \"><div class=\"forminator-captcha-left forminator-g-recaptcha\" data-theme=\"light\"  data-sitekey=\"6LdRD1EbAAAAALI8QU-491NPyEP1EBhpzlFhjeaY\" data-size=\"normal\"><\/div> <\/div><\/div><input type=\"hidden\" name=\"referer_url\" value=\"\" \/><div class=\"forminator-row forminator-row-last\"><div class=\"forminator-col\"><div class=\"forminator-field\"><button class=\"forminator-button forminator-button-submit\">Envoyer<\/button><\/div><\/div><\/div><input type=\"hidden\" id=\"forminator_nonce\" name=\"forminator_nonce\" value=\"05c4129bc0\" \/><input type=\"hidden\" name=\"_wp_http_referer\" value=\"\/index.php\/wp-json\/wp\/v2\/pages\/57\" \/><input type=\"hidden\" name=\"form_id\" value=\"68\"><input type=\"hidden\" name=\"page_id\" value=\"57\"><input type=\"hidden\" name=\"form_type\" value=\"\"><input type=\"hidden\" name=\"current_url\" value=\"https:\/\/tabledesulli.fr\/index.php\/contact\/\"><input type=\"hidden\" name=\"render_id\" value=\"0\"><input type=\"hidden\" name=\"action\" value=\"forminator_submit_form_custom-forms\"><\/form><\/div>\n","protected":false},"excerpt":{"rendered":"<p>Contact Num\u00e9ro de t\u00e9l\u00e9phone: 07 64 54 19 72 Mail: contact@tabledesulli.fr Page facebook: https:\/\/facebook.com\/tabledesulli\/ Page instagram: https:\/\/www.instagram.com\/latabledesulli\/ Ou Formulaire de contact<\/p>\n","protected":false},"author":1,"featured_media":0,"parent":0,"menu_order":0,"comment_status":"closed","ping_status":"closed","template":"","meta":{"footnotes":""},"class_list":["post-57","page","type-page","status-publish","hentry"],"_links":{"self":[{"href":"https:\/\/tabledesulli.fr\/index.php\/wp-json\/wp\/v2\/pages\/57","targetHints":{"allow":["GET"]}}],"collection":[{"href":"https:\/\/tabledesulli.fr\/index.php\/wp-json\/wp\/v2\/pages"}],"about":[{"href":"https:\/\/tabledesulli.fr\/index.php\/wp-json\/wp\/v2\/types\/page"}],"author":[{"embeddable":true,"href":"https:\/\/tabledesulli.fr\/index.php\/wp-json\/wp\/v2\/users\/1"}],"replies":[{"embeddable":true,"href":"https:\/\/tabledesulli.fr\/index.php\/wp-json\/wp\/v2\/comments?post=57"}],"version-history":[{"count":16,"href":"https:\/\/tabledesulli.fr\/index.php\/wp-json\/wp\/v2\/pages\/57\/revisions"}],"predecessor-version":[{"id":1697,"href":"https:\/\/tabledesulli.fr\/index.php\/wp-json\/wp\/v2\/pages\/57\/revisions\/1697"}],"wp:attachment":[{"href":"https:\/\/tabledesulli.fr\/index.php\/wp-json\/wp\/v2\/media?parent=57"}],"curies":[{"name":"wp","href":"https:\/\/api.w.org\/{rel}","templated":true}]}}